{"id":185,"date":"2023-11-13T14:34:51","date_gmt":"2023-11-13T14:34:51","guid":{"rendered":"http:\/\/localhost:8080\/?page_id=185"},"modified":"2024-01-12T09:44:04","modified_gmt":"2024-01-12T14:44:04","slug":"contacto","status":"publish","type":"page","link":"https:\/\/donvitobananas.com\/?page_id=185","title":{"rendered":"Contacto"},"content":{"rendered":"\n<div style=\"height:34px\" aria-hidden=\"true\" class=\"wp-block-spacer\"><\/div>\n\n\n\n<div class=\"wp-block-columns is-layout-flex wp-container-core-columns-is-layout-28f84493 wp-block-columns-is-layout-flex\">\n<div class=\"wp-block-column is-layout-flow wp-block-column-is-layout-flow\" style=\"flex-basis:33.33%\">\n<div class=\"wp-block-uagb-icon uagb-block-30b367ba uagb-icon-wrapper\"><span class=\"uagb-svg-wrapper\"><svg xmlns=\"https:\/\/www.w3.org\/2000\/svg\" viewBox=\"0 0 640 512\"><path d=\"M406.1 61.65C415.4 63.09 419.4 74.59 412.6 81.41L374.6 118.1L383.6 170.1C384.1 179.5 375.3 186.7 366.7 182.4L320.2 157.9L273.3 182.7C264.7 187 255 179.8 256.4 170.5L265.4 118.4L227.4 81.41C220.6 74.59 224.6 63.09 233.9 61.65L286.2 54.11L309.8 6.332C314.1-2.289 326.3-1.93 330.2 6.332L353.8 54.11L406.1 61.65zM384 256C401.7 256 416 270.3 416 288V480C416 497.7 401.7 512 384 512H256C238.3 512 224 497.7 224 480V288C224 270.3 238.3 256 256 256H384zM160 320C177.7 320 192 334.3 192 352V480C192 497.7 177.7 512 160 512H32C14.33 512 0 497.7 0 480V352C0 334.3 14.33 320 32 320H160zM448 416C448 398.3 462.3 384 480 384H608C625.7 384 640 398.3 640 416V480C640 497.7 625.7 512 608 512H480C462.3 512 448 497.7 448 480V416z\"><\/path><\/svg><\/span><\/div>\n\n\n\n<h1 class=\"wp-block-heading has-text-align-left has-x-large-font-size\"><strong>\u00bfQuieres probar un banano premium?<\/strong><\/h1>\n\n\n\n<h5 class=\"wp-block-heading has-text-align-left\">VENDEMOS SOLO BANANA PREMIUM<\/h5>\n\n\n\n<h2 class=\"wp-block-heading has-text-align-left has-large-font-size\">Escr\u00edbenos o ll\u00e1manos<br>estaremos gustosos<br>de atenderte<\/h2>\n<\/div>\n\n\n\n<div class=\"wp-block-column is-vertically-aligned-bottom is-layout-flow wp-block-column-is-layout-flow\" style=\"flex-basis:59%\">\n<figure class=\"wp-block-image alignright size-large is-resized has-custom-border is-style-default wp-duotone-unset-1\"><img loading=\"lazy\" decoding=\"async\" width=\"1024\" height=\"683\" src=\"https:\/\/www.donvitobananas.com\/wp-content\/uploads\/2023\/11\/imagen_2023-11-14_211817110-1024x683.png\" alt=\"\" class=\"wp-image-512\" style=\"border-radius:25px;width:643px;height:auto\" srcset=\"https:\/\/donvitobananas.com\/wp-content\/uploads\/2023\/11\/imagen_2023-11-14_211817110-1024x683.png 1024w, https:\/\/donvitobananas.com\/wp-content\/uploads\/2023\/11\/imagen_2023-11-14_211817110-300x200.png 300w, https:\/\/donvitobananas.com\/wp-content\/uploads\/2023\/11\/imagen_2023-11-14_211817110-768x512.png 768w, https:\/\/donvitobananas.com\/wp-content\/uploads\/2023\/11\/imagen_2023-11-14_211817110-1536x1024.png 1536w, https:\/\/donvitobananas.com\/wp-content\/uploads\/2023\/11\/imagen_2023-11-14_211817110.png 1888w\" sizes=\"auto, (max-width: 1024px) 100vw, 1024px\" \/><\/figure>\n<\/div>\n<\/div>\n\n\n\n<div class=\"wp-block-columns is-layout-flex wp-container-core-columns-is-layout-ec2e7a44 wp-block-columns-is-layout-flex\" style=\"padding-top:0;padding-bottom:0\">\n<div class=\"wp-block-column is-layout-flow wp-block-column-is-layout-flow\">\n<div class=\"wp-block-uagb-icon uagb-block-c37988b9 uagb-icon-wrapper\"><span class=\"uagb-svg-wrapper\"><svg xmlns=\"https:\/\/www.w3.org\/2000\/svg\" viewBox=\"0 0 512 512\"><path d=\"M511.1 63.1v287.1c0 35.25-28.75 63.1-64 63.1h-144l-124.9 93.68c-7.875 5.75-19.12 .0497-19.12-9.7v-83.98h-96c-35.25 0-64-28.75-64-63.1V63.1c0-35.25 28.75-63.1 64-63.1h384C483.2 0 511.1 28.75 511.1 63.1z\"><\/path><\/svg><\/span><\/div>\n\n\n\n<p class=\"has-text-align-center\"><strong>Correo<\/strong>:<br>exportaciones@bananevito.com<\/p>\n<\/div>\n\n\n\n<div class=\"wp-block-column is-layout-flow wp-block-column-is-layout-flow\">\n<div class=\"wp-block-uagb-icon uagb-block-680534c4 uagb-icon-wrapper\"><span class=\"uagb-svg-wrapper\"><svg xmlns=\"https:\/\/www.w3.org\/2000\/svg\" viewBox=\"0 0 320 512\"><path d=\"M320 144C320 223.5 255.5 288 176 288C96.47 288 32 223.5 32 144C32 64.47 96.47 0 176 0C255.5 0 320 64.47 320 144zM192 64C192 55.16 184.8 48 176 48C122.1 48 80 90.98 80 144C80 152.8 87.16 160 96 160C104.8 160 112 152.8 112 144C112 108.7 140.7 80 176 80C184.8 80 192 72.84 192 64zM144 480V317.1C154.4 319 165.1 319.1 176 319.1C186.9 319.1 197.6 319 208 317.1V480C208 497.7 193.7 512 176 512C158.3 512 144 497.7 144 480z\"><\/path><\/svg><\/span><\/div>\n\n\n\n<p class=\"has-text-align-center\"><strong>Direcci\u00f3n:<\/strong><br>Parroquia El Cambio,<br>diagonal al monumento H\u00e9roes del Cenepa,<br>v\u00eda a Pasaje, El Oro \u2013 Machala \u2013 Ecuador.<\/p>\n<\/div>\n\n\n\n<div class=\"wp-block-column is-layout-flow wp-block-column-is-layout-flow\">\n<div class=\"wp-block-uagb-icon uagb-block-ca271b4e uagb-icon-wrapper\"><span class=\"uagb-svg-wrapper\"><svg xmlns=\"https:\/\/www.w3.org\/2000\/svg\" viewBox=\"0 0 512 512\"><path d=\"M18.92 351.2l108.5-46.52c12.78-5.531 27.77-1.801 36.45 8.98l44.09 53.82c69.25-34 125.5-90.31 159.5-159.5l-53.81-44.04c-10.75-8.781-14.41-23.69-8.974-36.47l46.51-108.5c6.094-13.91 21.1-21.52 35.79-18.11l100.8 23.25c14.25 3.25 24.22 15.8 24.22 30.46c0 252.3-205.2 457.5-457.5 457.5c-14.67 0-27.18-9.968-30.45-24.22l-23.25-100.8C-2.571 372.4 5.018 357.2 18.92 351.2z\"><\/path><\/svg><\/span><\/div>\n\n\n\n<p class=\"has-text-align-center\"><strong>Tel\u00e9fonos:<\/strong><br>+593 7 2992716<br>+593 7 2992682<br>+593 7 2992913<\/p>\n<\/div>\n<\/div>\n\n\n\n<hr class=\"wp-block-separator has-alpha-channel-opacity\"\/>\n\n\n\t\t\t<div \n\t\t\tclass=\"wp-block-uagb-google-map uagb-google-map__wrap uagb-block-c59dd4b0     \"\n\t\t\tstyle=\"\" >\n\t\t\t\t<embed\n\t\t\t\t\tclass=\"uagb-google-map__iframe\"\n\t\t\t\t\ttitle=\"Google Map for \"\n\t\t\t\t\tsrc=\"https:\/\/maps.google.com\/maps?q=Parroquia%20El%20cambio&#038;z=12&#038;hl=en&#038;t=m&#038;output=embed&#038;iwloc=near\"\n\t\t\t\t\twidth=\"640\"\n\t\t\t\t\theight=\"300\"\n\t\t\t\t\tloading=\"lazy\"\n\t\t\t\t><\/embed>\n\t\t\t<\/div>\n\t\t\t\n\n\n<div style=\"height:17px\" aria-hidden=\"true\" class=\"wp-block-spacer\"><\/div>\n\n\n\n<div style=\"height:21px\" aria-hidden=\"true\" class=\"wp-block-spacer\"><\/div>\n","protected":false},"excerpt":{"rendered":"<p>\u00bfQuieres probar un banano premium? VENDEMOS SOLO BANANA PREMIUM Escr\u00edbenos o ll\u00e1manosestaremos gustososde atenderte Correo:exportaciones@bananevito.com Direcci\u00f3n:Parroquia El Cambio,diagonal al monumento H\u00e9roes del Cenepa,v\u00eda a Pasaje, El Oro \u2013 Machala \u2013 Ecuador. Tel\u00e9fonos:+593 7 2992716+593 7 2992682+593 7 2992913<\/p>\n","protected":false},"author":2,"featured_media":0,"parent":0,"menu_order":0,"comment_status":"closed","ping_status":"closed","template":"","meta":{"_uag_custom_page_level_css":"","site-sidebar-layout":"default","site-content-layout":"","ast-site-content-layout":"","site-content-style":"default","site-sidebar-style":"default","ast-global-header-display":"","ast-banner-title-visibility":"","ast-main-header-display":"","ast-hfb-above-header-display":"","ast-hfb-below-header-display":"","ast-hfb-mobile-header-display":"","site-post-title":"disabled","ast-breadcrumbs-content":"","ast-featured-img":"","footer-sml-layout":"","theme-transparent-header-meta":"","adv-header-id-meta":"","stick-header-meta":"","header-above-stick-meta":"","header-main-stick-meta":"","header-below-stick-meta":"","astra-migrate-meta-layouts":"","ast-page-background-enabled":"default","ast-page-background-meta":{"desktop":{"background-color":"var(--ast-global-color-4)","background-image":"","background-repeat":"repeat","background-position":"center center","background-size":"auto","background-attachment":"scroll","background-type":"","background-media":"","overlay-type":"","overlay-color":"","overlay-gradient":""},"tablet":{"background-color":"","background-image":"","background-repeat":"repeat","background-position":"center center","background-size":"auto","background-attachment":"scroll","background-type":"","background-media":"","overlay-type":"","overlay-color":"","overlay-gradient":""},"mobile":{"background-color":"","background-image":"","background-repeat":"repeat","background-position":"center center","background-size":"auto","background-attachment":"scroll","background-type":"","background-media":"","overlay-type":"","overlay-color":"","overlay-gradient":""}},"ast-content-background-meta":{"desktop":{"background-color":"var(--ast-global-color-5)","background-image":"","background-repeat":"repeat","background-position":"center center","background-size":"auto","background-attachment":"scroll","background-type":"","background-media":"","overlay-type":"","overlay-color":"","overlay-gradient":""},"tablet":{"background-color":"var(--ast-global-color-5)","background-image":"","background-repeat":"repeat","background-position":"center center","background-size":"auto","background-attachment":"scroll","background-type":"","background-media":"","overlay-type":"","overlay-color":"","overlay-gradient":""},"mobile":{"background-color":"var(--ast-global-color-5)","background-image":"","background-repeat":"repeat","background-position":"center center","background-size":"auto","background-attachment":"scroll","background-type":"","background-media":"","overlay-type":"","overlay-color":"","overlay-gradient":""}},"footnotes":""},"class_list":["post-185","page","type-page","status-publish","hentry"],"uagb_featured_image_src":{"full":false,"thumbnail":false,"medium":false,"medium_large":false,"large":false,"1536x1536":false,"2048x2048":false},"uagb_author_info":{"display_name":"prodbadmindonvitobanana","author_link":"https:\/\/donvitobananas.com\/?author=2"},"uagb_comment_info":0,"uagb_excerpt":"\u00bfQuieres probar un banano premium? VENDEMOS SOLO BANANA PREMIUM Escr\u00edbenos o ll\u00e1manosestaremos gustososde atenderte Correo:exportaciones@bananevito.com Direcci\u00f3n:Parroquia El Cambio,diagonal al monumento H\u00e9roes del Cenepa,v\u00eda a Pasaje, El Oro \u2013 Machala \u2013 Ecuador. Tel\u00e9fonos:+593 7 2992716+593 7 2992682+593 7 2992913","_links":{"self":[{"href":"https:\/\/donvitobananas.com\/index.php?rest_route=\/wp\/v2\/pages\/185","targetHints":{"allow":["GET"]}}],"collection":[{"href":"https:\/\/donvitobananas.com\/index.php?rest_route=\/wp\/v2\/pages"}],"about":[{"href":"https:\/\/donvitobananas.com\/index.php?rest_route=\/wp\/v2\/types\/page"}],"author":[{"embeddable":true,"href":"https:\/\/donvitobananas.com\/index.php?rest_route=\/wp\/v2\/users\/2"}],"replies":[{"embeddable":true,"href":"https:\/\/donvitobananas.com\/index.php?rest_route=%2Fwp%2Fv2%2Fcomments&post=185"}],"version-history":[{"count":19,"href":"https:\/\/donvitobananas.com\/index.php?rest_route=\/wp\/v2\/pages\/185\/revisions"}],"predecessor-version":[{"id":762,"href":"https:\/\/donvitobananas.com\/index.php?rest_route=\/wp\/v2\/pages\/185\/revisions\/762"}],"wp:attachment":[{"href":"https:\/\/donvitobananas.com\/index.php?rest_route=%2Fwp%2Fv2%2Fmedia&parent=185"}],"curies":[{"name":"wp","href":"https:\/\/api.w.org\/{rel}","templated":true}]}}